s -5 + -15?
-21
In base 10, what is -2800 + 2?
-2798
In base 9, what is 1564 + 1?
1565
In base 15, what is 2 + 17?
19
In base 13, what is -9 - 98?
-a4
In base 11, what is 1715 - 5?
1710
In base 3, what is 101021 - -2?
101100
In base 9, what is 83 - 18?
64
In base 7, what is 13424 - -5?
13432
In base 3, what is -2001 - 222?
-10000
In base 9, what is -42 - -85?
43
In base 6, what is -115511 - 4?
-115515
In base 3, what is 1 - 112112?
-112111
In base 6, what is -242 - -3?
-235
In base 5, what is 0 + 141?
141
In base 8, what is 41766 + 5?
41773
In base 13, what is -c - -15?
6
In base 10, what is 5 - 61?
-56
In base 4, what is -11 - -100322?
100311
In base 12, what is 5 - 49?
-44
In base 9, what is -818 - 10?
-828
In base 7, what is 132 - -3?
135
In base 15, what is -1 + 7?
6
In base 5, what is -134144 + 3?
-134141
In base 6, what is -1203 + 24?
-1135
In base 10, what is -781 - 2?
-783
In base 5, what is -14 - -2000?
1431
In base 6, what is -4 + -251?
-255
In base 7, what is -3 + -1346?
-1352
In base 14, what is 320 - -2?
322
In base 11, what is 3 + 147?
14a
In base 14, what is -747 + 3?
-744
In base 10, what is -4270 + -5?
-4275
In base 12, what is 53 - 131?
-9a
In base 15, what is 4 - -1b2?
1b6
In base 2, what is 11101 + -101?
11000
In base 7, what is -2140 + -2?
-2142
In base 5, what is 0 + 20214?
20214
In base 11, what is 17 + -14?
3
In base 8, what is 316 + 4?
322
In base 6, what is 4 + -534?
-530
In base 8, what is -2 - -35?
33
In base 7, what is 536 - 3?
533
In base 6, what is 520 - -1?
521
In base 9, what is -15 + 1303?
1277
In base 3, what is -11 - 10202?
-10220
In base 2, what is -1100011101 + 100?
-1100011001
In base 10, what is 2 - -177?
179
In base 2, what is 100101 - -101111?
1010100
In base 12, what is 1 + -73?
-72
In base 10, what is 4 + -429?
-425
In base 12, what is -8 - -61?
55
In base 13, what is 3 - -16?
19
In base 10, what is 2 - -749?
751
In base 15, what is -1 - 314?
-315
In base 4, what is -3 + 320212?
320203
In base 8, what is 4 - -36?
42
In base 15, what is 19 - e?
a
In base 11, what is 151 + -1?
150
In base 5, what is -1 + 2313?
2312
In base 5, what is 13 - -121?
134
In base 6, what is 50 + 101?
151
In base 10, what is -120 + 2?
-118
In base 16, what is -3d - 1?
-3e
In base 9, what is 1 + -31?
-30
In base 12, what is 5 + b5?
ba
In base 12, what is -2 - -72?
70
In base 4, what is -3 + 231?
222
In base 9, what is -3 - 235?
-238
In base 11, what is 0 + 33?
33
In base 3, what is 10 - 2012?
-2002
In base 13, what is -1c - -3?
-19
In base 2, what is 111011100010 - 100?
111011011110
In base 15, what is 2a + 1?
2b
In base 4, what is -3 - 122?
-131
In base 10, what is -4 - -3158?
3154
In base 13, what is -79 + -5?
-81
In base 9, what is -2 - 28?
-31
In base 4, what is -1 - 100022?
-100023
In base 13, what is -c - -1b?
c
In base 5, what is 20 + 134?
204
In base 6, what is -154 + -400?
-554
In base 5, what is -1 + -4404?
-4410
In base 9, what is -1 - -184?
183
In base 6, what is 121 - 0?
121
In base 8, what is 11 - 20?
-7
In base 10, what is -5 + -126?
-131
In base 4, what is -3132 + -3?
-3201
In base 14, what is a8 + -5?
a3
In base 15, what is 1 + 13d9?
13da
In base 6, what is -22221 + 4?
-22213
In base 3, what is -1222100 + 12?
-1222011
In base 12, what is 3 + 4033?
4036
In base 8, what is -3 + 1?
-2
In base 13, what is 1c - -7?
26
In base 11, what is 29 + 6?
34
In base 14, what is d - 32?
-23
In base 14, what is -a + a5?
99
In base 6, what is -42 + 30?
-12
In base 8, what is 13 + 51?
64
In base 10, what is 630 - -2?
632
In base 16, what is -55 - -a?
-4b
In base 5, what is 142 - -302?
444
In base 13, what is -2 - -9?
7
In base 10, what is 3 + 51?
54
In base 2, what is -10 - 10101010110?
-10101011000
In base 5, what is -10440 - -13?
-10422
In base 8, what is -2762 + -5?
-2767
In base 15, what is 2 + 48?
4a
In base 13, what is 4 + 10?
14
In base 4, what is -10 + -21112?
-21122
In base 4, what is 220231 - 10?
220221
In base 3, what is 21212120 + -2?
21212111
In base 2, what is -111110010 + -10?
-111110100
In base 7, what is 4 - 1602?
-1565
In base 10, what is 420 - 1?
419
In base 5, what is -10 - 31?
-41
In base 9, what is -5 - -33?
27
In base 12, what is -514 - -3?
-511
In base 11, what is -133 - -10?
-123
In base 13, what is -1 + -99?
-9a
In base 5, what is 222 + 4?
231
In base 5, what is 210023 - -2?
210030
In base 13, what is 23 + 9?
2c
In base 16, what is -3a + -88?
-c2
In base 13, what is 3 - 2c?
-29
In base 16, what is 89 + -9e?
-15
In base 2, what is 0 + -111001101?
-111001101
In base 13, what is 3 - -357c?
3582
In base 16, what is -5 + 1e0?
1db
In base 13, what is -8 + 31?
26
In base 11, what is -5 + -3?
-8
In base 16, what is 3c + -53?
-17
In base 2, what is -111 - 110010?
-111001
In base 4, what is 233233 + 0?
233233
In base 4, what is 12122 + -1?
12121
In base 14, what is -28a - -3?
-287
In base 10, what is -38 - -124?
86
In base 11, what is -a2 + -2?
-a4
In base 5, what is -3 + 1?
-2
In base 7, what is 30 - 3?
24
In base 8, what is 45567 - 4?
45563
In base 12, what is -b - 28?
-37
In base 14, what is -24 - -3c?
18
In base 9, what is 4603 + -2?
4601
In base 14, what is -4d - -33?
-1a
In base 3, what is 200020 - 212?
122101
In base 13, what is 5 - 7?
-2
In base 14, what is 1 - -a23?
a24
In base 11, what is -12 - 2?
-14
In base 4, what is 2133 + -3?
2130
In base 15, what is -70 + -10?
-80
In base 12, what is 234 + -4?
230
In base 3, what is -2 - 211212?
-211221
In base 3, what is 10222 - -12?
11011
In base 6, what is -32 - -10?
-22
In base 16, what is 2 - 495?
-493
In base 8, what is -6 + 2?
-4
In base 12, what is -12 + -35?
-47
In base 4, what is -21021 + 300?
-20121
In base 12, what is 113 + -10?
103
In base 7, what is 666 - 1?
665
In base 15, what is 2643 + -2?
2641
In base 10, what is 34 + -154?
-120
In base 4, what is 1303023 + 11?
1303100
In base 5, what is -222341 - 2?
-222343
In base 4, what is 232 + -331?
-33
In base 6, what is -233 - 2?
-235
In base 15, what is -8 + -24?
-2c
In base 15, what is 70 - 5?
6a
In base 10, what is -120 + -5?
-125
In base 2, what is -101000 + -1001110101?
-1010011101
In base 13, what is -3 + 12?
c
In base 15, what is 81 + -3?
7d
In base 7, what is 4 - -221?
225
In base 10, what is -32 - 13?
-45
In base 15, what is 37 + 3a?
72
In base 11, what is -2 + -29?
-30
In base 7, what is -3 - -25?
22
In base 15, what is 67 - -b?
73
In base 12, what is -23 + -20?
-43
In base 2, what is 100 - -1011011?
1011111
In base 7, what is 3 - -135?
141
In base 12, what is 5 - 69?
-64
In base 13, what is -1c1 - 2?
-1c3
In base 16, what is 1ef + -4?
1eb
In base 11, what is -4 - 1315?
-1319
In base 12, what is 1 + 23?
24
In base 14, what is -145 - -3?
-142
In base 5, what is 104 + 1004?
1113
In base 13, what is 7 + 3?
a
In base 13, what is 2185 - 3?
2182
In base 7, what is 2 + -1133?
-1131
In base 5, what is -24 - 130?
-204
In base 14, what is -906 + -4?
-90a
In base 5, what is 4 + 11311?
11320
In base 9, what is 2 - 6?
-4
In base 3, what is -20 - -2211?
2121
In base 16, what is -113 - -1c?
-f7
In base 13, what is -2 + -b0?
-b2
In base 16, what is 140 + 5?
145
In base 5, what is -3 - 1040?
-1043
In base 13, what is b - 2a4?
-296
In base 9, what is 8 + -1?
7
In base 3, what is -1101 + 0?
-1101
In base 10, what is 9 - 55?
-46
In base 16, what is 6 - -9?
f
In base 4, what is 3002030 - -1?
3002031
In base 13, what is -1449 + 0?
-1449
In base 12, what is -303a + 5?
-3035
In base 15, what is 1e + -63?
-44
In base 9, what is 0 + 518?
518
In base 2, what is 10 + -1100111100?
-1100111010
In base 3, what is -20222 - 111?
-21110
In base 13, what is 15 + 70?
85
In base 12, what is -5 - -27?
22
In base 6, what is -3 + -3505?
-3512
In base 4, what is -3 + -220110?
-220113
In base 14, what is -7 + -6?
-d
In base 7, what is 3 - 3264?
-3261
In base 13, what is 0 + 37a6?
37a6
In base 4, what is 1101 - 31?
1010
In base 13, what is -1 - -311?
310
In base 10, what is -27 - 20?
-47
In base 7, what is 5 - 634?
-626
In base 13, what is 1 + 4c?
50
In base 4, what is -300 + 2?
-232
In base 4, what is -1213 - 11?
-1230
In base 7, what is -4202 + 1?
-4201
In base 9, what is -370 - 5?
-375
In base 9, what is 3 + 141?
144
In base 13, what is 106 - -8?
111
In base 8, what is 2 + -40?
-36
In base 2, what is -100 + -1101000111?
-110100101